
Let c be 28/(-70) - 47/(-5). Let u be 1/(-6 - (-275)/45). What is the highest common factor of u and c?
9
Let g(h) = -h**2 - 11*h + 312. Let i be g(-24). Suppose i = 2*p + j - 614, 3*p + 3*j - 914 = 5*j. Calculate the greatest common divisor of p and 51.
51
Suppose 1591 = 4*v - 5*x - 1199, -v = 2*x - 704. Calculate the greatest common factor of v and 322.
14
Suppose -10 = -5*y, 11*y - 8*y - 216 = -3*r. What is the highest common divisor of r and 280?
70
Suppose -26*y + 96653 - 53735 + 270954 = 0. Calculate the highest common factor of y and 24.
24
Let v(j) = j**3 - 12*j**2 + 3*j - 33. Let a be v(12). Let o be (96/(-36) + a)/(1/18). Calculate the highest common factor of 54 and o.
6
Suppose 14*t + 8*t - 1760 = 0. Suppose -67*v = -t*v + 468. What is the highest common divisor of v and 84?
12
Suppose -20*i - 18 = -23*i + 2*v + 39, v = 0. Calculate the greatest common divisor of 22819 and i.
19
Suppose 13*w - 1856 + 166 = 0. What is the highest common divisor of w and 4238?
26
Suppose -5*z - 2*i - 14 = -6*i, -z = 4*i - 2. Let p be (-4)/6*(-69)/2 + z. What is the greatest common factor of 189 and p?
21
Let r = 94 - 49. Let m be 16 + (1/4)/(26/(565 + -45)). What is the greatest common divisor of m and r?
3
Suppose -60*l + 41*l + 10792 = 0. What is the greatest common factor of 639 and l?
71
Let f = 52 - 31. Let j(b) = -73*b - 555. Let v be j(-9). Suppose -2*p + 32 = -5*x + v, 5*x - p = 70. Calculate the highest common divisor of f and x.
7
Suppose -2*c + 16 = 2*k, 0 = 4*k + k - 15. Suppose q = 111 - 11. Suppose q = -3*y + 7*y. What is the greatest common factor of y and c?
5
Let j(i) = 381*i + 6. Let x be j(5). Let p be 1/(x/(-957) + 2). Suppose -21 = -m - 2*w, 2*m + 5*w - 36 = 2. Calculate the greatest common factor of m and p.
29
Let w(c) = -4*c + 8. Let a be w(-31). Let n be 0 + ((-48)/10)/(6/(-60)). Calculate the highest common divisor of a and n.
12
Let s be 0/(-2 + 0 + 0). Suppose -d + 8 = -2*j, -2*d + 0*j + 8 = 4*j. Suppose s = d*h - 803 - 685. Calculate the greatest common factor of 31 and h.
31
Suppose 0 = -3*n + 4*t + 8644, 5*n = 3*n - 4*t + 5756. What is the highest common divisor of n and 96?
96
Suppose 705958 = 107*b + 37101. What is the highest common divisor of 133 and b?
133
Suppose -2253 = -59*k + 1912 - 389. Suppose -5*q = -895 - 705. Calculate the greatest common divisor of q and k.
64
Let w be ((-24)/(-9))/(2/6). Let t(m) = 5*m + 12. Let v be t(w). What is the greatest common divisor of v and 364?
52
Let g(u) = 8*u**3 - 11*u**2 + 23*u - 80. Let j be g(6). Calculate the highest common divisor of j and 3058.
278
Let h(w) = -w**2 + 13*w - 3. Let r be h(5). Let a be -3*4*r/(-111). What is the greatest common factor of a and 16?
4
Let c be (564/(-1081))/((-14)/161). Let u(x) = -x**2 - 6*x - 3. Let r be u(-5). Suppose -6 - 6 = -r*m. Calculate the greatest common factor of m and c.
6
Suppose -2*v - 3*v + 43 = 2*r, -4*v + 47 = 3*r. Let p(m) = m**3 - 5*m**2 + 5*m + 6. Let c be p(6). What is the highest common divisor of r and c?
9
Let f = 5330 + -4154. Calculate the highest common factor of 56 and f.
56
Let r be 8/(-6) + (-1664)/(-78). Let s(p) = 217*p**2 - 3*p - 2. Let a be s(2). Calculate the highest common divisor of a and r.
20
Let o(g) = -g - 8. Let q be o(-8). Suppose -2*t + 148 - 18 = q. Suppose 33*r - 26*r = -11*r + 468. What is the highest common divisor of r and t?
13
Suppose 26533 = 20*n + 3713. What is the highest common divisor of n and 28?
7
Suppose 8*q - 4430 = -2*c + 6*q, 0 = -4*c - 3*q + 8863. Suppose 33*j - c + 139 = 0. Calculate the greatest common divisor of j and 7.
7
Let n(y) = 11*y + 126. Let z = -254 - -248. Let k be n(z). What is the greatest common factor of 270 and k?
30
Let q(o) = 8*o**3 + o**2 - 5*o + 4. Let z be (13/(-91))/((-1)/7). Let k be q(z). Let l be (2/4)/((-1)/(-128)). What is the greatest common divisor of l and k?
8
Let h be 111/4 - 6/(-24). Let b = 80 + h. Calculate the highest common divisor of b and 72.
36
Let m(v) be the third derivative of v**5/60 + v**4/4 + 5*v**3/6 + 2*v**2. Let t be m(-7). Calculate the greatest common divisor of t and 30.
6
Suppose -13*h = 1660 - 7588. Let q = 596 - h. What is the highest common factor of 210 and q?
70
Let n be 18/((-3)/((-27 - -6) + 8)). What is the highest common divisor of 2158 and n?
26
Let p(c) = -2*c**3 - 12*c**2 - c - 2. Let r be p(-6). Let g = 35 - r. What is the highest common factor of 992 and g?
31
Let a be (-174)/12*(4 - 8). What is the highest common factor of 1943 and a?
29
Let d be -3*1*22/(-6). Let x(z) = -z**3 + 6*z**2 + 106*z - 8. Let t be x(13). Calculate the highest common factor of t and d.
11
Suppose -64*u = 68*u - 141*u + 80289. What is the greatest common factor of u and 11?
11
Let i be 13 + 936/(-60) - (-399)/15. Calculate the highest common factor of i and 1464.
24
Let j = 25 - 22. Let o be 11 + -2*(-1 - -2). Let q = o + j. What is the greatest common factor of 132 and q?
12
Suppose 53*d - 907 + 391 = 385. What is the greatest common divisor of d and 12733?
17
Let t = -14 + 17. Suppose -t*m = -56 + 50. Suppose -3*z = 2*i - 17, m*i - z - 38 + 1 = 0. Calculate the highest common divisor of i and 48.
16
Suppose -3243*q + 3222*q = -27783. Calculate the greatest common factor of 567 and q.
189
Let j = 12 - 9. Let z be (-60)/(-8)*8/j. Suppose -2*d = -4*l + 4, -133*d - 9*l + 47 = -128*d. Calculate the highest common divisor of z and d.
4
Suppose 4*n = -5*l + 144, 3*l + 112 = 6*l - 4*n. Suppose -7*q + l = 11. Suppose 0 = -4*x - 6 + 54. What is the greatest common factor of x and q?
3
Suppose -47 = 3*f - 98. Let m = f + -5. Calculate the greatest common factor of 708 and m.
12
Let q(k) = -5*k**3 - 5*k**2 + 43*k - 150. Let h be q(-10). Calculate the greatest common divisor of h and 154.
14
Let j be -1*(1 + -31) + (-28 - 14)/14. Suppose -5*x + 3*l + 177 = 0, 0 = -4*x + 3*x + 4*l + 32. Calculate the greatest common factor of x and j.
9
Let k(x) = x - 3. Let g(u) = -10*u - 42. Let a(s) = -2*g(s) - 10*k(s). Let v be a(-9). Let b = 27 + -11. Calculate the greatest common divisor of b and v.
8
Suppose -52 = -5*q + 23. Let d be 4/5 + (3 - (-123)/q). Calculate the greatest common divisor of d and 192.
12
Suppose -5*i + 80 = -0*i. Let f = -115 - -116. Let h be 7*14/49*f. Calculate the highest common factor of i and h.
2
Let d(q) be the first derivative of -2*q**3 - 4*q**2 - 1/4*q**4 + 9*q + 33. Let a be d(-5). Calculate the greatest common factor of a and 36.
12
Let a(n) = 71*n + 4070. Let l be a(-57). What is the greatest common factor of 2231 and l?
23
Let s(i) = -6*i**2 - 2 - 2*i**2 + 3*i + 13*i**2. Let d be s(1). Suppose -16 = -2*x + 14. What is the greatest common divisor of d and x?
3
Let h = -237 - -243. Let t be (h/3 + -14)*-44. What is the highest common divisor of t and 66?
66
Suppose -16510 + 41086 = 16*y. What is the greatest common divisor of y and 48?
48
Suppose -10 = -2*b - 2*w, 9*b = 4*b + 3*w - 7. What is the highest common divisor of b and 379?
1
Let i = 23 - -18. Let r = -41 + i. Suppose r*f = 2*f - 28. Calculate the highest common divisor of f and 21.
7
Let s(a) = -202*a - 6 - 188*a - a**2 + 377*a. Let c be s(-12). What is the greatest common factor of c and 102?
6
Suppose 2*n - 270 = 7*n. Let p = 56 + n. Suppose 4*k = 3*m + 495, 0*m + 246 = 2*k - p*m. Calculate the highest common factor of 14 and k.
14
Let l(z) = -z + 18. Let u be l(14). Suppose -u*w + 205 = -2*t + 15, -5*w = 5*t - 275. What is the highest common factor of w and 50?
50
Suppose -20*a + 4905 = 34*a - 1305. Calculate the greatest common factor of a and 184.
23
Suppose 2*v - 11 = 5*s - 50, 2*s = -4*v + 30. Suppose -2*r - 3*c - 99 = -3*r, -2*r = 3*c - 198. Calculate the greatest common divisor of s and r.
9
Suppose -40*t - 71 + 567 = -1424. Calculate the highest common divisor of t and 144.
48
Let k be (-2)/(-26)*-2 + 2084/26. Let u(p) = p**3 - 14*p**2 + 11*p - 18. Let w be u(13). Let n = -24 - w. Calculate the greatest common factor of n and k.
20
Let m = -6 - -8. Let v be 21/(m - (-2)/(-4)). Let d be (16 - 10)/(4/94) + -15. What is the greatest common factor of d and v?
14
Suppose -5*c + 19 = 5*l - 6, 0 = -5*l - c + 13. Let g be (0 + (-2 - l))/(7 - 8). Let m be (45/(-6))/((-3)/g). What is the greatest common factor of 190 and m?
10
Suppose 3*r - 2*r + 16 = 0. 